{"id":139,"date":"2018-11-11T11:27:57","date_gmt":"2018-11-11T10:27:57","guid":{"rendered":"http:\/\/acmstudio.net\/gmwp\/?page_id=139"},"modified":"2024-10-12T09:08:04","modified_gmt":"2024-10-12T07:08:04","slug":"biographie","status":"publish","type":"page","link":"https:\/\/acmstudio.net\/gmwp\/","title":{"rendered":"Biographie"},"content":{"rendered":"<div class=\"gm60\">\n<p>Apr\u00e8s des \u00e9tudes de commerce et d&rsquo;informatique, en parall\u00e8le \u00e0 une formation musicale approfondie, Gr\u00e9goire Mar\u00e9chal entame une carri\u00e8re technique dans l&rsquo;industrie des t\u00e9l\u00e9coms, tout en participant \u00e0 plusieurs groupes musicaux (bluegrass et rock, entre autres). Il compose aussi des bandes originales pour des pi\u00e8ces de th\u00e9\u00e2tre et des courts-m\u00e9trages.<\/p>\n<p>Venu assez tard \u00e0 la cr\u00e9ation litt\u00e9raire, il s&rsquo;essaie \u00e0 divers genres, avant de se lancer dans l&rsquo;\u00e9criture th\u00e9\u00e2trale.<\/p>\n<p>Constatant son manque de connaissance du domaine, il d\u00e9cide de monter sur les planches pour comprendre, par la pratique, l&rsquo;articulation sp\u00e9cifique de ce type de texte. Cette exp\u00e9rience l&rsquo;am\u00e8nera du th\u00e9\u00e2tre au cin\u00e9ma, jusqu&rsquo;au clown, sur sc\u00e8ne et en spectacle de rue, de l&rsquo;Ile d&rsquo;Ouessant jusqu&rsquo;au festival d&rsquo;Avignon.<\/p>\n<\/div>\n<div class=\"gm40\"><img decoding=\"async\" class=\"wp-image-502\" src=\"http:\/\/acmstudio.net\/gmwp\/wp-content\/uploads\/2020\/03\/IMG_0961-2-13x18-739x1024.jpg\" alt=\"Gr\u00e9goire Mar\u00e9chal - photo (c) Marie Le Stanc\" width=\"200\" srcset=\"https:\/\/acmstudio.net\/gmwp\/wp-content\/uploads\/2020\/03\/IMG_0961-2-13x18-739x1024.jpg 739w, https:\/\/acmstudio.net\/gmwp\/wp-content\/uploads\/2020\/03\/IMG_0961-2-13x18-217x300.jpg 217w, https:\/\/acmstudio.net\/gmwp\/wp-content\/uploads\/2020\/03\/IMG_0961-2-13x18-768x1064.jpg 768w\" sizes=\"(max-width: 739px) 100vw, 739px\" \/><\/div>\n<div class=\"gm100\">\n<p>S&rsquo;\u00e9tant form\u00e9 \u00e0 l&rsquo;\u00e9criture th\u00e9\u00e2trale aupr\u00e8s de Thibault Fayner, Christophe Botti et Michel Azama,\u00a0 Gr\u00e9goire Mar\u00e9chal d\u00e9veloppe aujourd&rsquo;hui son style d&rsquo;\u00e9criture dans des com\u00e9dies teint\u00e9es d&rsquo;esprit clownesque, et des textes plus psychologiques.<\/p>\n<p><!--Sa premi\u00e8re pi\u00e8ce, \"<strong>Le Gambit du soldat Sergent<\/strong>\" , publi\u00e9e aux \u00e9ditions <em>Ecritures Th\u00e9\u00e2trales du Grand Sud-Ouest<\/em>, a \u00e9t\u00e9 nomm\u00e9e laur\u00e9ate de la s\u00e9lection \"Tous publics 2016\" des <em>Ecrivains Associ\u00e9s de Th\u00e9\u00e2tre<\/em> (E.A.T.).\n\n-->Derni\u00e8re pi\u00e8ce en date, \u00ab\u00a0<strong>Bellum Planetarum<\/strong>\u00a0\u00bb a \u00e9t\u00e9 laur\u00e9ate du concours d&rsquo;auteurs 2021 du Petit Th\u00e9\u00e2tre de Valli\u00e8res et a \u00e9t\u00e9 publi\u00e9e en juin 2022 dans les \u00ab\u00a0Cahiers de Th\u00e9\u00e2tre\u00a0\u00bb.<\/p>\n<p>&gt;&gt; Derni\u00e8res actualit\u00e9s sur <a href=\"https:\/\/www.instagram.com\/antoinealpaca\/\" target=\"_blank\" rel=\"noopener\">\u00a0Instagram \u00a0<img loading=\"lazy\" decoding=\"async\" width=\"20\" height=\"19\" class=\"wp-image-665\" style=\"width: 20px;\" src=\"https:\/\/acmstudio.net\/gmwp\/wp-content\/uploads\/2023\/11\/Instagram-Logo-1024x965.png\" alt=\"\" srcset=\"https:\/\/acmstudio.net\/gmwp\/wp-content\/uploads\/2023\/11\/Instagram-Logo-1024x965.png 1024w, https:\/\/acmstudio.net\/gmwp\/wp-content\/uploads\/2023\/11\/Instagram-Logo-300x283.png 300w, https:\/\/acmstudio.net\/gmwp\/wp-content\/uploads\/2023\/11\/Instagram-Logo-150x150.png 150w, https:\/\/acmstudio.net\/gmwp\/wp-content\/uploads\/2023\/11\/Instagram-Logo-768x724.png 768w, https:\/\/acmstudio.net\/gmwp\/wp-content\/uploads\/2023\/11\/Instagram-Logo.png 1083w\" sizes=\"(max-width: 20px) 100vw, 20px\" \/><br \/>\n<\/a><\/p>\n<p>&gt;&gt; Consulter le <a href=\"http:\/\/acmstudio.net\/gmwp\/index.php\/curriculum-vitae\/\">C.V. d\u00e9taill\u00e9<\/a><\/p>\n<p>&gt;&gt; Regarder la <a href=\"https:\/\/vimeo.com\/5447519\" target=\"_blank\" rel=\"noopener\">bande-d\u00e9mo<\/a><\/p>\n<p><em>Cr\u00e9dit photo : Marie Le Stanc<\/em><\/p>\n<\/div>\n","protected":false},"excerpt":{"rendered":"<p>Apr\u00e8s des \u00e9tudes de commerce et d&rsquo;informatique, en parall\u00e8le \u00e0 une formation musicale approfondie, Gr\u00e9goire Mar\u00e9chal entame une carri\u00e8re technique dans l&rsquo;industrie des t\u00e9l\u00e9coms, tout en participant \u00e0 plusieurs groupes musicaux (bluegrass et rock, entre autres). Il compose aussi des bandes originales pour des pi\u00e8ces de th\u00e9\u00e2tre et des courts-m\u00e9trages. Venu assez tard \u00e0 la [&hellip;]<\/p>\n","protected":false},"author":1,"featured_media":0,"parent":0,"menu_order":0,"comment_status":"closed","ping_status":"closed","template":"","meta":{"footnotes":""},"_links":{"self":[{"href":"https:\/\/acmstudio.net\/gmwp\/index.php\/wp-json\/wp\/v2\/pages\/139"}],"collection":[{"href":"https:\/\/acmstudio.net\/gmwp\/index.php\/wp-json\/wp\/v2\/pages"}],"about":[{"href":"https:\/\/acmstudio.net\/gmwp\/index.php\/wp-json\/wp\/v2\/types\/page"}],"author":[{"embeddable":true,"href":"https:\/\/acmstudio.net\/gmwp\/index.php\/wp-json\/wp\/v2\/users\/1"}],"replies":[{"embeddable":true,"href":"https:\/\/acmstudio.net\/gmwp\/index.php\/wp-json\/wp\/v2\/comments?post=139"}],"version-history":[{"count":59,"href":"https:\/\/acmstudio.net\/gmwp\/index.php\/wp-json\/wp\/v2\/pages\/139\/revisions"}],"predecessor-version":[{"id":738,"href":"https:\/\/acmstudio.net\/gmwp\/index.php\/wp-json\/wp\/v2\/pages\/139\/revisions\/738"}],"wp:attachment":[{"href":"https:\/\/acmstudio.net\/gmwp\/index.php\/wp-json\/wp\/v2\/media?parent=139"}],"curies":[{"name":"wp","href":"https:\/\/api.w.org\/{rel}","templated":true}]}}

<div class="gm60">
<p>Après des études de commerce et d&rsquo;informatique, en parallèle à une formation musicale approfondie, Grégoire Maréchal entame une carrière technique dans l&rsquo;industrie des télécoms, tout en participant à plusieurs groupes musicaux (bluegrass et rock, entre autres). Il compose aussi des bandes originales pour des pièces de théâtre et des courts-métrages.</p>
<p>Venu assez tard à la création littéraire, il s&rsquo;essaie à divers genres, avant de se lancer dans l&rsquo;écriture théâtrale.</p>
<p>Constatant son manque de connaissance du domaine, il décide de monter sur les planches pour comprendre, par la pratique, l&rsquo;articulation spécifique de ce type de texte. Cette expérience l&rsquo;amènera du théâtre au cinéma, jusqu&rsquo;au clown, sur scène et en spectacle de rue, de l&rsquo;Ile d&rsquo;Ouessant jusqu&rsquo;au festival d&rsquo;Avignon.</p>
</div>
<div class="gm40"><img decoding="async" class="wp-image-502" src="http://acmstudio.net/gmwp/wp-content/uploads/2020/03/IMG_0961-2-13x18-739x1024.jpg" alt="Grégoire Maréchal - photo (c) Marie Le Stanc" width="200" srcset="https://acmstudio.net/gmwp/wp-content/uploads/2020/03/IMG_0961-2-13x18-739x1024.jpg 739w, https://acmstudio.net/gmwp/wp-content/uploads/2020/03/IMG_0961-2-13x18-217x300.jpg 217w, https://acmstudio.net/gmwp/wp-content/uploads/2020/03/IMG_0961-2-13x18-768x1064.jpg 768w" sizes="(max-width: 739px) 100vw, 739px" /></div>
<div class="gm100">
<p>S&rsquo;étant formé à l&rsquo;écriture théâtrale auprès de Thibault Fayner, Christophe Botti et Michel Azama,  Grégoire Maréchal développe aujourd&rsquo;hui son style d&rsquo;écriture dans des comédies teintées d&rsquo;esprit clownesque, et des textes plus psychologiques.</p>
<p><!--Sa première pièce, "<strong>Le Gambit du soldat Sergent</strong>" , publiée aux éditions <em>Ecritures Théâtrales du Grand Sud-Ouest</em>, a été nommée lauréate de la sélection "Tous publics 2016" des <em>Ecrivains Associés de Théâtre</em> (E.A.T.).

-->Dernière pièce en date, « <strong>Bellum Planetarum</strong> » a été lauréate du concours d&rsquo;auteurs 2021 du Petit Théâtre de Vallières et a été publiée en juin 2022 dans les « Cahiers de Théâtre ».</p>
<p>&gt;&gt; Dernières actualités sur <a href="https://www.instagram.com/antoinealpaca/" target="_blank" rel="noopener"> Instagram  <img loading="lazy" decoding="async" width="20" height="19" class="wp-image-665" style="width: 20px;" src="https://acmstudio.net/gmwp/wp-content/uploads/2023/11/Instagram-Logo-1024x965.png" alt="" srcset="https://acmstudio.net/gmwp/wp-content/uploads/2023/11/Instagram-Logo-1024x965.png 1024w, https://acmstudio.net/gmwp/wp-content/uploads/2023/11/Instagram-Logo-300x283.png 300w, https://acmstudio.net/gmwp/wp-content/uploads/2023/11/Instagram-Logo-150x150.png 150w, https://acmstudio.net/gmwp/wp-content/uploads/2023/11/Instagram-Logo-768x724.png 768w, https://acmstudio.net/gmwp/wp-content/uploads/2023/11/Instagram-Logo.png 1083w" sizes="(max-width: 20px) 100vw, 20px" /><br />
</a></p>
<p>&gt;&gt; Consulter le <a href="http://acmstudio.net/gmwp/index.php/curriculum-vitae/">C.V. détaillé</a></p>
<p>&gt;&gt; Regarder la <a href="https://vimeo.com/5447519" target="_blank" rel="noopener">bande-démo</a></p>
<p><em>Crédit photo : Marie Le Stanc</em></p>
</div>

<p>Après des études de commerce et d&rsquo;informatique, en parallèle à une formation musicale approfondie, Grégoire Maréchal entame une carrière technique dans l&rsquo;industrie des télécoms, tout en participant à plusieurs groupes musicaux (bluegrass et rock, entre autres). Il compose aussi des bandes originales pour des pièces de théâtre et des courts-métrages. Venu assez tard à la [&hellip;]</p>
