{"id":306,"date":"2018-11-17T20:14:26","date_gmt":"2018-11-17T19:14:26","guid":{"rendered":"http:\/\/acmstudio.net\/gmwp\/?page_id=306"},"modified":"2025-02-10T11:09:02","modified_gmt":"2025-02-10T10:09:02","slug":"pieces","status":"publish","type":"page","link":"https:\/\/acmstudio.net\/gmwp\/index.php\/pieces\/","title":{"rendered":"Pi\u00e8ces"},"content":{"rendered":"\n<div class=\"gm60\">\n<h6>Le dernier pion<\/h6>\n<p>Quand on est simple trouffion, on attend les ordres et on ferme sa gueule.<br \/>\nJusqu&rsquo;au jour o\u00f9&#8230;<\/p>\n<p><a href=\"http:\/\/acmstudio.net\/gmwp\/index.php\/le-gambit-du-soldat-sergent\/\">&gt;&gt; en savoir plus<\/a><\/p>\n<\/div>\n<div class=\"gm40\"><a href=\"http:\/\/acmstudio.net\/gmwp\/index.php\/le-gambit-du-soldat-sergent\/\"><img loading=\"lazy\" decoding=\"async\" class=\"aligncenter size-thumbnail wp-image-34\" src=\"https:\/\/acmstudio.net\/gmwp\/wp-content\/uploads\/2025\/02\/soldat-ecrivant-poeme-reduit.jpg\" alt=\"\" width=\"150\" height=\"150\"><br><\/a>&nbsp;&nbsp;\n\n<\/div>\n<div class=\"gm60\">\n<h6>Bellum Planetarum<\/h6>\n<p>\u00ab Une troupe d\u2019amateurs d\u00e9cide d&rsquo;adapter Star Wars au th\u00e9\u00e2tre mais, se voyant refuser les droits, tentent de transposer l&rsquo;histoire sous l&rsquo;Empire romain, en alexandrins&#8230; \u00bb<\/p>\n<p><a href=\"http:\/\/acmstudio.net\/gmwp\/index.php\/bellum-planetarum\/\">&gt;&gt; en savoir plus<\/a><\/p>\n<\/div>\n<div class=\"gm40\"><img decoding=\"async\" class=\"wp-image-593\" src=\"https:\/\/acmstudio.net\/gmwp\/wp-content\/uploads\/2024\/06\/julius-caesar-wearing-a-toga-in-an-ancient-greek-t.jpg\" alt=\"\" width=\"150\"><p>&nbsp;<\/p><\/div>\n<div class=\"gm60\">\n<h6>Comment devient &#8211; on Quentin Delinger&nbsp;?<\/h6>\n<p>Que faire lorsqu&rsquo;on d\u00e9couvre qu&rsquo;on va \u00eatre pr\u00e9sent dans tous les livres d&rsquo;histoire de l&rsquo;an 2300, mais qu&rsquo;on ignore pourquoi ?<\/p>\n<p><a href=\"http:\/\/acmstudio.net\/gmwp\/index.php\/quentindelinger\/\">&gt;&gt; en savoir plus<\/a><\/p>\n<\/div>\n<div class=\"gm40\">\n<p><a href=\"http:\/\/acmstudio.net\/gmwp\/index.php\/quentindelinger\/\"><img decoding=\"async\" class=\"aligncenter size-thumbnail wp-image-67\" src=\"http:\/\/acmstudio.net\/gmwp\/wp-content\/uploads\/2018\/11\/Couv-Quentin-150x150.jpg\" alt=\"\" width=\"150\" srcset=\"https:\/\/acmstudio.net\/gmwp\/wp-content\/uploads\/2018\/11\/Couv-Quentin-150x150.jpg 150w, https:\/\/acmstudio.net\/gmwp\/wp-content\/uploads\/2018\/11\/Couv-Quentin-300x300.jpg 300w, https:\/\/acmstudio.net\/gmwp\/wp-content\/uploads\/2018\/11\/Couv-Quentin-600x599.jpg 600w, https:\/\/acmstudio.net\/gmwp\/wp-content\/uploads\/2018\/11\/Couv-Quentin.jpg 747w\" sizes=\"(max-width: 150px) 100vw, 150px\" \/><\/a><\/p>\n<p>&nbsp;<\/p>\n<\/div>\n<div class=\"gm60\">\n<h6>Les Colombes n&rsquo;apparaissent pas par hasard<\/h6>\n<p>Votre psychanalyste vous permettra &#8211; t &#8211; il de comprendre pourquoi une jeune femme appara\u00eet et dipara\u00eet myst\u00e9rieusement dans votre salon ?<\/p>\n<p><a href=\"http:\/\/acmstudio.net\/gmwp\/index.php\/les-colombes-napparaissent-pas-par-hasard\/\">&gt;&gt; en savoir plus<\/a><\/p>\n<\/div>\n<div class=\"gm40\"><a href=\"http:\/\/acmstudio.net\/gmwp\/index.php\/les-colombes-napparaissent-pas-par-hasard\/\"><img decoding=\"async\" class=\"aligncenter size-thumbnail wp-image-76\" src=\"http:\/\/acmstudio.net\/gmwp\/wp-content\/uploads\/2018\/11\/dove-150x150.jpg\" alt=\"\" width=\"150\" ><br><\/a>&nbsp;&nbsp;\n\n<\/div>\n<div class=\"gm60\">\n<h6>Un endroit tranquille<\/h6>\n<p>D\u00e9couvrez les moeurs des r\u00e9sidents d&rsquo;un cimeti\u00e8re, car la mort n&rsquo;est pas du tout ce qu&rsquo;on croit !  <br \/>&nbsp;<br\/>Sp\u00e9cial Halloween !<\/p>\n<p><a href=\"https:\/\/acmstudio.net\/gmwp\/index.php\/un-endroit-tranquille\/\">&gt;&gt; en savoir plus<\/a><\/p>\n<\/div>\n<div class=\"gm40\">\n<a href=\"https:\/\/acmstudio.net\/gmwp\/index.php\/un-endroit-tranquille\/\">\n<figure class=\"wp-block-image size-full\"><img decoding=\"async\" src=\"https:\/\/acmstudio.net\/gmwp\/wp-content\/uploads\/2024\/10\/Eveque-Grand-mere-savez-parler-2.jpg\" width=\"150\" class=\"wp-image-760\"\/><\/figure>\n<\/a>\n<\/div>\n\n\n","protected":false},"excerpt":{"rendered":"<p>Le dernier pion Quand on est simple trouffion, on attend les ordres et on ferme sa gueule. Jusqu&rsquo;au jour o\u00f9&#8230; &gt;&gt; en savoir plus &nbsp;&nbsp; Bellum Planetarum \u00ab Une troupe d\u2019amateurs d\u00e9cide d&rsquo;adapter Star Wars au th\u00e9\u00e2tre mais, se voyant refuser les droits, tentent de transposer l&rsquo;histoire sous l&rsquo;Empire romain, en alexandrins&#8230; \u00bb &gt;&gt; en [&hellip;]<\/p>\n","protected":false},"author":1,"featured_media":0,"parent":0,"menu_order":0,"comment_status":"closed","ping_status":"closed","template":"","meta":{"footnotes":""},"_links":{"self":[{"href":"https:\/\/acmstudio.net\/gmwp\/index.php\/wp-json\/wp\/v2\/pages\/306"}],"collection":[{"href":"https:\/\/acmstudio.net\/gmwp\/index.php\/wp-json\/wp\/v2\/pages"}],"about":[{"href":"https:\/\/acmstudio.net\/gmwp\/index.php\/wp-json\/wp\/v2\/types\/page"}],"author":[{"embeddable":true,"href":"https:\/\/acmstudio.net\/gmwp\/index.php\/wp-json\/wp\/v2\/users\/1"}],"replies":[{"embeddable":true,"href":"https:\/\/acmstudio.net\/gmwp\/index.php\/wp-json\/wp\/v2\/comments?post=306"}],"version-history":[{"count":27,"href":"https:\/\/acmstudio.net\/gmwp\/index.php\/wp-json\/wp\/v2\/pages\/306\/revisions"}],"predecessor-version":[{"id":904,"href":"https:\/\/acmstudio.net\/gmwp\/index.php\/wp-json\/wp\/v2\/pages\/306\/revisions\/904"}],"wp:attachment":[{"href":"https:\/\/acmstudio.net\/gmwp\/index.php\/wp-json\/wp\/v2\/media?parent=306"}],"curies":[{"name":"wp","href":"https:\/\/api.w.org\/{rel}","templated":true}]}}