{"id":325,"date":"2018-11-18T10:35:24","date_gmt":"2018-11-18T09:35:24","guid":{"rendered":"http:\/\/acmstudio.net\/gmwp\/?page_id=325"},"modified":"2018-11-18T11:39:16","modified_gmt":"2018-11-18T10:39:16","slug":"textes-courts","status":"publish","type":"page","link":"https:\/\/acmstudio.net\/gmwp\/index.php\/textes-courts\/","title":{"rendered":"Textes courts"},"content":{"rendered":"<ul class=\"lcp_catlist\" id=\"lcp_instance_0\"><li><a href=\"https:\/\/acmstudio.net\/gmwp\/index.php\/2024\/06\/08\/vain-rouge\/\">Vain rouge<\/a><div class=\"lcp_excerpt\">\nUne salle de mus\u00e9e. Au centre, sur un pi\u00e9destal, une bouteille peinte en bleu.\n\n\nM entre, s\u2019approche du pi\u00e9destal, lit le ...<\/div><\/li><li><a href=\"https:\/\/acmstudio.net\/gmwp\/index.php\/2024\/06\/08\/recyclage-salle-11\/\">Recyclage salle 11<\/a><div class=\"lcp_excerpt\">\nDans une salle d\u2019attente, un jeune homme, Luc, est assis, l\u2019air nerveux, un dossier sur les genoux. &nbsp;Une jeune femme, ...<\/div><\/li><li><a href=\"https:\/\/acmstudio.net\/gmwp\/index.php\/2024\/06\/05\/la-methode-verville\/\">La m\u00e9thode Verville<\/a><div class=\"lcp_excerpt\">B. \u2013 Vous en faites une t\u00eate\u00a0! Qu\u2019est-ce qui vous arrive\u00a0?\nV. \u2013 J\u2019ai re\u00e7u une lettre.\nB. \u2013 Ben mon vieux, ...<\/div><\/li><li><a href=\"https:\/\/acmstudio.net\/gmwp\/index.php\/2019\/09\/16\/lheure-cest-lheure\/\">L&rsquo;heure c&rsquo;est l&rsquo;heure<\/a><div class=\"lcp_excerpt\">\n &nbsp;\u2013  C\u2019est insupportable. Encore une demi\u2013heure de retard&nbsp;! J\u2019en ai vraiment marre de toi. Tu as eu mon ...<\/div><\/li><li><a href=\"https:\/\/acmstudio.net\/gmwp\/index.php\/2019\/09\/14\/le-roi-du-monde\/\">Le roi du monde<\/a><div class=\"lcp_excerpt\">\nE. \u2013 Dis, madame, pourquoi tu as des plumes&nbsp;?\n\n\nD. \u2013 Pour pouvoir voler.\n\n\nE.\n\u2013 Tu es un oiseau&nbsp;? Tu ne ressembles ...<\/div><\/li><li><a href=\"https:\/\/acmstudio.net\/gmwp\/index.php\/2018\/11\/18\/problemes-automobiles\/\">Probl\u00e8mes automobiles<\/a><div class=\"lcp_excerpt\">L\u2019homme. \u2013 Voil\u00e0, j\u2019ai un probl\u00e8me avec ma voiture, il y a un bruit quand j\u2019acc\u00e9l\u00e8re.\nLe garagiste. \u2013 Quel genre ...<\/div><\/li><li><a href=\"https:\/\/acmstudio.net\/gmwp\/index.php\/2018\/11\/18\/modestes-conseils-a-lattention-du-genie-qui-sommeille-en-vous\/\">Modestes conseils \u00e0 l\u2019attention du g\u00e9nie qui sommeille en vous<\/a><div class=\"lcp_excerpt\">J\u2019aurais pu commencer cet article en remerciant, pompeusement, et humblement cela va sans dire, la r\u00e9daction de ce magazine, bien ...<\/div><\/li><li><a href=\"https:\/\/acmstudio.net\/gmwp\/index.php\/2018\/04\/24\/portrait-dun-personnage-celebre\/\">Portrait d&rsquo;un personnage c\u00e9l\u00e8bre<\/a><div class=\"lcp_excerpt\">\n Je suis celui qui arrive,Je suis celui qui se pointe, celui qui d\u00e9barque \u00e0 ce moment-l\u00e0,Celui dont on se ...<\/div><\/li><li><a href=\"https:\/\/acmstudio.net\/gmwp\/index.php\/2017\/11\/04\/comment-ecrire-une-chanson-en-6-lignes\/\">Comment \u00e9crire une chanson en 6 lignes<\/a><div class=\"lcp_excerpt\">\n1. Choisir un th\u00e8me sur lequel on veut \u00e9crire une chanson\n2. Lister des mots (noms, verbes, adjectifs) en rapport avec ...<\/div><\/li><li><a href=\"https:\/\/acmstudio.net\/gmwp\/index.php\/2007\/11\/18\/scenario-de-court-metrage-choukran\/\">Sc\u00e9nario de court-m\u00e9trage : Choukran<\/a><div class=\"lcp_excerpt\">Synopsis\nB\u00e9atrice, la quarantaine \u00e9panouie, suit son musicien de mari, Charles, pour une s\u00e9rie de concerts en Afrique. Mais un probl\u00e8me ...<\/div><\/li><\/ul>\n","protected":false},"excerpt":{"rendered":"","protected":false},"author":1,"featured_media":0,"parent":0,"menu_order":0,"comment_status":"closed","ping_status":"closed","template":"","meta":{"footnotes":""},"_links":{"self":[{"href":"https:\/\/acmstudio.net\/gmwp\/index.php\/wp-json\/wp\/v2\/pages\/325"}],"collection":[{"href":"https:\/\/acmstudio.net\/gmwp\/index.php\/wp-json\/wp\/v2\/pages"}],"about":[{"href":"https:\/\/acmstudio.net\/gmwp\/index.php\/wp-json\/wp\/v2\/types\/page"}],"author":[{"embeddable":true,"href":"https:\/\/acmstudio.net\/gmwp\/index.php\/wp-json\/wp\/v2\/users\/1"}],"replies":[{"embeddable":true,"href":"https:\/\/acmstudio.net\/gmwp\/index.php\/wp-json\/wp\/v2\/comments?post=325"}],"version-history":[{"count":6,"href":"https:\/\/acmstudio.net\/gmwp\/index.php\/wp-json\/wp\/v2\/pages\/325\/revisions"}],"predecessor-version":[{"id":346,"href":"https:\/\/acmstudio.net\/gmwp\/index.php\/wp-json\/wp\/v2\/pages\/325\/revisions\/346"}],"wp:attachment":[{"href":"https:\/\/acmstudio.net\/gmwp\/index.php\/wp-json\/wp\/v2\/media?parent=325"}],"curies":[{"name":"wp","href":"https:\/\/api.w.org\/{rel}","templated":true}]}}