{"id":406,"date":"2018-11-25T16:47:31","date_gmt":"2018-11-25T15:47:31","guid":{"rendered":"http:\/\/acmstudio.net\/gmwp\/?page_id=406"},"modified":"2024-01-23T17:11:01","modified_gmt":"2024-01-23T16:11:01","slug":"curriculum-vitae","status":"publish","type":"page","link":"https:\/\/acmstudio.net\/gmwp\/index.php\/curriculum-vitae\/","title":{"rendered":"Curriculum vitae"},"content":{"rendered":"<h6>Cin\u00e9ma<\/h6>\n<div class=\"gm100\">\n<div class=\"gm60\">\n<p>\u2022 <a href=\"https:\/\/www.facebook.com\/sonnierproductions\/\" target=\"_blank\" rel=\"noopener\"><strong>Une Lumi\u00e8re dans la brume<\/strong><\/a>, long-m\u00e9trage de Valentin Sonnier, produit par Messieurs production, octobre 2018.<\/p>\n<p>\u2022 Acteur dans une trentaine de <strong>courts-m\u00e9trages<\/strong> ind\u00e9pendants et\/ou d\u2019\u00e9tudiants :<br \/>\nFEMIS, EICAR, CLCF, ESEC, association TNT, universit\u00e9s\u2026 Dernier en date : Novembre 2019 ( <strong>=&gt; <\/strong><a href=\"https:\/\/www.youtube.com\/watch?v=UfhnE1BgjLw\" target=\"_blank\" rel=\"noopener\">voir&#8230;<\/a>)<\/p>\n<\/div>\n<div class=\"gm40\"><a href=\"https:\/\/vimeo.com\/260626971\" target=\"_blank\" rel=\"noopener\"><img loading=\"lazy\" decoding=\"async\" class=\"aligncenter size-medium wp-image-49\" src=\"http:\/\/acmstudio.net\/gmwp\/wp-content\/uploads\/2018\/11\/Tournage-Lumiere-Brume-2017-10-26b-300x169.jpg\" alt=\"\" width=\"300\" height=\"169\" srcset=\"https:\/\/acmstudio.net\/gmwp\/wp-content\/uploads\/2018\/11\/Tournage-Lumiere-Brume-2017-10-26b-300x169.jpg 300w, https:\/\/acmstudio.net\/gmwp\/wp-content\/uploads\/2018\/11\/Tournage-Lumiere-Brume-2017-10-26b-768x432.jpg 768w, https:\/\/acmstudio.net\/gmwp\/wp-content\/uploads\/2018\/11\/Tournage-Lumiere-Brume-2017-10-26b-600x338.jpg 600w, https:\/\/acmstudio.net\/gmwp\/wp-content\/uploads\/2018\/11\/Tournage-Lumiere-Brume-2017-10-26b.jpg 960w\" sizes=\"(max-width: 300px) 100vw, 300px\" \/><\/a><\/div>\n<\/div>\n<p>\u2022 <strong>Bananaroom<\/strong>, de Camille Monin, s\u00e9lectionn\u00e9 au Festival de Cannes, Short Film Corner, 2013.<\/p>\n<p>\u2022 <strong><a href=\"https:\/\/vimeo.com\/14717893\" target=\"_blank\" rel=\"noopener\">C\u2019est dans la bo\u00eete<\/a><\/strong>, auteur\u2013r\u00e9alisateur\u2013acteur,&nbsp; s\u00e9lectionn\u00e9 au Festival de Cannes, Short Film Corner, 2009.<\/p>\n<p>\u2022 Silhouettes et figurations dans des longs m\u00e9trages :<br \/>\nLemming, de Dominik Moll, 2004 ; Comme une image, d\u2019Agn\u00e8s Jaoui, 2003 ; t\u00e9l\u00e9films\u2026<\/p>\n<p>&gt;&gt; Regarder la <a href=\"https:\/\/vimeo.com\/5447519\" target=\"_blank\" rel=\"noopener\">bande-d\u00e9mo<\/a><\/p>\n<p>&gt;&gt; <a href=\"http:\/\/acmstudio.net\/gmwp\/index.php\/galerie-photo\/\" target=\"_blank\" rel=\"noopener\">Galerie photos<\/a><\/p>\n<h6>&nbsp;<\/h6>\n<h6>Th\u00e9\u00e2tre<\/h6>\n<div class=\"gm100\">\n<div class=\"gm40\"><img decoding=\"async\" class=\"aligncenter size-medium wp-image-233\" src=\"http:\/\/acmstudio.net\/gmwp\/wp-content\/uploads\/2018\/11\/GM-maquillage-carr\u00e9-300x226.jpg\" alt=\"\" width=\"240\" srcset=\"https:\/\/acmstudio.net\/gmwp\/wp-content\/uploads\/2018\/11\/GM-maquillage-carr\u00e9-300x226.jpg 300w, https:\/\/acmstudio.net\/gmwp\/wp-content\/uploads\/2018\/11\/GM-maquillage-carr\u00e9-768x578.jpg 768w, https:\/\/acmstudio.net\/gmwp\/wp-content\/uploads\/2018\/11\/GM-maquillage-carr\u00e9.jpg 859w\" sizes=\"(max-width: 300px) 100vw, 300px\" \/><\/div>\n<div class=\"gm60\">\n<p>\u2022 <strong>Petit boulot pour vieux clown<\/strong> (<em>Mat\u00e9i Visniec<\/em>).<br \/>\nmise en sc\u00e8ne de Marie Le Stanc, r\u00f4le de Nicollo<br \/>\nParis, <strong><em>Festival d\u2019Avignon<\/em><\/strong> Off 2016, puis diverses dates en France.<\/p>\n<p>\u2022 Clown au sein du <strong>Collectif d&rsquo;Action Clownesque<\/strong> et la <strong>Compagnie des Charbonniers<\/strong>, 2012 \u2013 2016.<\/p>\n<p>\u2022 <strong>L\u2019 Hiver sous la table<\/strong> (<em>Roland Topor<\/em>), m.e.s. de Marie Le Stanc, 2009 \u2013 2010.<\/p>\n<\/div>\n<\/div>\n<p>\u2022 <strong>Don Juan revient de guerre<\/strong> (<em>Otto von Horvath<\/em>), m.e.s. de Christian Taponard, 2007.<\/p>\n<p><strong>\u2022 Elle est l\u00e0<\/strong> (<em>Nathalie Sarraute<\/em>), m.e.s. de Sarah Leaf, 2004 \u2013 2005.<\/p>\n<p>\u2022 <strong>Le roi se meurt<\/strong> (<em>Eug\u00e8ne Ionesco<\/em>), m.e.s. de Christian P\u00e9lissier, 2004.<\/p>\n<p>&gt;&gt; <a href=\"http:\/\/acmstudio.net\/gmwp\/index.php\/galerie-photo\/\" target=\"_blank\" rel=\"noopener\">Galerie photos<\/a><\/p>\n<h6>&nbsp;<\/h6>\n<h6>Ecriture<\/h6>\n<p>\u2022 <a href=\"http:\/\/acmstudio.net\/gmwp\/index.php\/bellum-planetarum\/\"><strong>Bellum Planetarum<\/strong><\/a>, \u00e9ditions du \u00ab Petit th\u00e9\u00e2tre de Valli\u00e8res \u00bb, 2022.<br \/>\n<em>Texte laur\u00e9at du concours d&rsquo;auteurs 2021 du Petit th\u00e9\u00e2tre de Valli\u00e8res.<\/em><\/p>\n<p>\u2022 <a href=\"http:\/\/acmstudio.net\/gmwp\/index.php\/quentindelinger\/\"><strong>Comment devient-on Quentin Delinger<\/strong><\/a>, \u00e9ditions du \u00ab Petit th\u00e9\u00e2tre de Valli\u00e8res \u00bb, 2018.<br \/>\n<em>Texte laur\u00e9at du concours d&rsquo;auteurs 2017 du Petit th\u00e9\u00e2tre de Valli\u00e8res.<\/em><\/p>\n<p><!--\u2022 <a href=\"http:\/\/acmstudio.net\/gmwp\/index.php\/le-gambit-du-soldat-sergent\/\"><strong>Le Gambit du soldat Sergent<\/strong><\/a>, \u00e9ditions \u00ab Ecritures Th\u00e9\u00e2trales du Grand Sud-Ouest \u00bb, 2016.\n<em>Texte laur\u00e9at de la s\u00e9lection \u00ab Tous Publics \u00bb 2016 des Ecrivains Associ\u00e9s de Th\u00e9\u00e2tre.<\/em>\n\n-->\u2022&nbsp; Animateur d&rsquo;ateliers d&rsquo;\u00e9criture pour \u00ab <a href=\"http:\/\/www.la-plume-en-question.fr\/\" target=\"_blank\" rel=\"noopener\"><strong>La Plume en question<\/strong>&nbsp;<\/a>\u00bb , 2016 &#8211; 2023.<\/p>\n<p>\u2022&nbsp; Responsable du p\u00f4le sc\u00e9nario de <strong>Collectif Prod<\/strong> (<em>comit\u00e9 de lecture \/ laboratoire d\u2019\u00e9criture<\/em>), 2011-2013.<\/p>\n<p>\u2022 <a href=\"http:\/\/acmstudio.net\/gmwp\/index.php\/2007\/11\/18\/scenario-de-court-metrage-choukran\/\"><strong>Choukran<\/strong><\/a>, sc\u00e9nario de court-m\u00e9trage<br \/>\n<em>1er prix des Lectures Crois\u00e9es S\u00e9quences 7, prim\u00e9 au festival d&rsquo;Orl\u00e9ans, 2010.<\/em><\/p>\n<p>\u2022 Membre du Comit\u00e9 de lecture, <a href=\"http:\/\/www.maisondufilm.com\" target=\"_blank\" rel=\"noopener\"><strong>Maison du Film Court<\/strong><\/a>, 2006-2010 (<em>auteur de plus de 100 fiches de lecture<\/em>).<\/p>\n<h6>&nbsp;<\/h6>\n<h6>Formation<\/h6>\n<p>\u2022 <strong>Royal Clown Company<\/strong>, Herv\u00e9 Langlois, 2008 \u2013 2015.<br \/>\n\u2022 Ecriture de sc\u00e9nario, Richard Sidi, <strong>Maison du Film court<\/strong>, 2008.<br \/>\n\u2022 <strong>Franco-American Cinema &amp; Theater<\/strong> (<em>en anglais<\/em>), Sarah Eigerman, 2003 \u2013 2008.<br \/>\n\u2022 <strong>Film Acting<\/strong> (<em>en anglais<\/em>), Charles Weinstein, 2003 \u2013 2005.<br \/>\n\u2022 <strong>Ecole Sup\u00e9rieure de Commerce de Paris<\/strong>, option Syst\u00e8mes d\u2019Information.<br \/>\n\u2022 <strong>Agr\u00e9gation d&rsquo;Economie et Gestion<\/strong>, option informatique.<br \/>\n\u2022 <strong>Ateliers de Cr\u00e9ation Musicale<\/strong>, dipl\u00f4m\u00e9 de composition musicale et d\u2019orchestration.<\/p>\n<h6>&nbsp;<\/h6>\n<h6>Divers<\/h6>\n<div class=\"gm100\">\n<div class=\"gm60\">\n<p>\u2022 Banjo\u00efste et guitariste dans \u00ab <a href=\"http:\/\/acmstudio.net\/gmwp\/index.php\/scenes-musique\/\"><strong>Alice &amp; the riding boys<\/strong><\/a> \u00bb et d\u2019autres groupes depuis 1992<br \/>\n\u2022 Langues : Anglais (<em>quasi bilingue, avec accent<\/em>), Allemand (<em>bon niveau scolaire<\/em>).<br \/>\n\u2022 Sports : Natation, ski.<br \/>\n\u2022 Pratique de la dactylographie (<em>45 mots\/minute<\/em>).<br \/>\n\u2022 Permis B<\/p>\n<\/div>\n<div class=\"gm40\"><a href=\"https:\/\/www.facebook.com\/antoine.alpaca\/videos\/1131837288581\" target=\"_blank\" rel=\"noopener\"><img loading=\"lazy\" decoding=\"async\" class=\"aligncenter size-medium wp-image-262\" src=\"http:\/\/acmstudio.net\/gmwp\/wp-content\/uploads\/2018\/11\/Dueling-GM-banjos-corrigee-300x246.jpg\" alt=\"\" width=\"300\" height=\"246\" srcset=\"https:\/\/acmstudio.net\/gmwp\/wp-content\/uploads\/2018\/11\/Dueling-GM-banjos-corrigee-300x246.jpg 300w, https:\/\/acmstudio.net\/gmwp\/wp-content\/uploads\/2018\/11\/Dueling-GM-banjos-corrigee.jpg 695w\" sizes=\"(max-width: 300px) 100vw, 300px\" \/><\/a><\/div>\n<\/div>\n<p>&gt;&gt; <a href=\"http:\/\/acmstudio.net\/gmwp\/index.php\/galerie-photo\/\" target=\"_blank\" rel=\"noopener\">Galerie photos<\/a><\/p>\n","protected":false},"excerpt":{"rendered":"<p>Cin\u00e9ma \u2022 Une Lumi\u00e8re dans la brume, long-m\u00e9trage de Valentin Sonnier, produit par Messieurs production, octobre 2018. \u2022 Acteur dans une trentaine de courts-m\u00e9trages ind\u00e9pendants et\/ou d\u2019\u00e9tudiants : FEMIS, EICAR, CLCF, ESEC, association TNT, universit\u00e9s\u2026 Dernier en date : Novembre 2019 ( =&gt; voir&#8230;) \u2022 Bananaroom, de Camille Monin, s\u00e9lectionn\u00e9 au Festival de Cannes, Short [&hellip;]<\/p>\n","protected":false},"author":1,"featured_media":0,"parent":0,"menu_order":0,"comment_status":"closed","ping_status":"closed","template":"","meta":{"footnotes":""},"_links":{"self":[{"href":"https:\/\/acmstudio.net\/gmwp\/index.php\/wp-json\/wp\/v2\/pages\/406"}],"collection":[{"href":"https:\/\/acmstudio.net\/gmwp\/index.php\/wp-json\/wp\/v2\/pages"}],"about":[{"href":"https:\/\/acmstudio.net\/gmwp\/index.php\/wp-json\/wp\/v2\/types\/page"}],"author":[{"embeddable":true,"href":"https:\/\/acmstudio.net\/gmwp\/index.php\/wp-json\/wp\/v2\/users\/1"}],"replies":[{"embeddable":true,"href":"https:\/\/acmstudio.net\/gmwp\/index.php\/wp-json\/wp\/v2\/comments?post=406"}],"version-history":[{"count":47,"href":"https:\/\/acmstudio.net\/gmwp\/index.php\/wp-json\/wp\/v2\/pages\/406\/revisions"}],"predecessor-version":[{"id":672,"href":"https:\/\/acmstudio.net\/gmwp\/index.php\/wp-json\/wp\/v2\/pages\/406\/revisions\/672"}],"wp:attachment":[{"href":"https:\/\/acmstudio.net\/gmwp\/index.php\/wp-json\/wp\/v2\/media?parent=406"}],"curies":[{"name":"wp","href":"https:\/\/api.w.org\/{rel}","templated":true}]}}