{"id":590,"date":"2023-03-30T11:18:20","date_gmt":"2023-03-30T09:18:20","guid":{"rendered":"http:\/\/acmstudio.net\/gmwp\/?page_id=590"},"modified":"2024-10-12T16:02:33","modified_gmt":"2024-10-12T14:02:33","slug":"bellum-planetarum","status":"publish","type":"page","link":"https:\/\/acmstudio.net\/gmwp\/index.php\/bellum-planetarum\/","title":{"rendered":"Bellum Planetarum"},"content":{"rendered":"\n<div class=\"gm100\">\n<div class=\"gm60\"><p><strong>Pitch :<\/strong>&nbsp;\u00ab Une troupe d\u2019amateurs d\u00e9cide d&rsquo;adapter Star Wars au th\u00e9\u00e2tre mais, se voyant refuser les droits, tentent de transposer l&rsquo;histoire sous l&rsquo;Empire romain, en alexandrins&#8230; \u00bb<\/p>&nbsp;<br>\n<p><strong>Synopsis d\u00e9taill\u00e9 : <\/strong><br>&nbsp;<br>\nUne compagnie de com\u00e9diens amateurs a \u00e9t\u00e9 s\u00e9lectionn\u00e9e par un festival de premier plan, o\u00f9 ils vont avoir l&rsquo;honneur de pr\u00e9senter Rom\u00e9o et Juliette devant un public de connaisseurs. <\/p>\n<\/div>\n<div class=\"gm40\"><img loading=\"lazy\" decoding=\"async\" src=\"https:\/\/acmstudio.net\/gmwp\/wp-content\/uploads\/2024\/06\/julius-caesar-wearing-a-toga-in-an-ancient-greek-t.jpg\" alt=\"\" class=\"wp-image-593\" width=\"183\" height=\"252\">\n<\/div>\n<\/div>\n\n\n\n<div class=\"gm100\">\n<p>Cependant, n&rsquo;\u00e9tant que quatre, sans metteur en sc\u00e8ne, et poss\u00e9dant des visions souvent oppos\u00e9es, ils ont bien du mal \u00e0 s&rsquo;accorder sur les adaptations n\u00e9cessaires, au prix d&rsquo;ubuesques n\u00e9gociations&#8230;<\/p>\n<p>\nPatatras ! Albert Jean-Jean, c\u00e9l\u00e8bre humoriste en fin de carri\u00e8re, annonce avoir d\u00e9cid\u00e9, malgr\u00e9 son \u00e2ge, d&rsquo;interpr\u00e9ter lui aussi le r\u00f4le phare de Rom\u00e9o et Juliette dans ce m\u00eame festival. Pot de terre contre pot de fer, la compagnie se voit imposer, par le comit\u00e9, de changer de pi\u00e8ce ou de se retirer. <\/p>\n<p>\nRudes n\u00e9gociations internes&#8230; C&rsquo;est finalement l&rsquo;id\u00e9e propos\u00e9e par Blaise, fan de Star Wars depuis le plus jeune \u00e2ge, qui l&#8217;emporte : la compagnie va donc se lancer dans l&rsquo;adaptation th\u00e9\u00e2trale de la c\u00e9l\u00e8bre saga intergalactique, sans beaucoup de moyens, et le temps presse. Chacun y va alors de sa proposition, m\u00ealant Ph\u00e8dre ou La Dame de chez Maxim aux aventures de Dark Vador, ce qui n&rsquo;est malheureusement gu\u00e8re concluant.<\/p>\n<p>Coup de gr\u00e2ce : La compagnie Disney, ayant eu vent du projet, interdit toute utilisation de ses personnages. Tout semble donc perdu\u2026 Pourtant Blaise en est certain : M\u00eame s&rsquo;il ne reste que quelques semaines, une transposition de l&rsquo;histoire sous l&rsquo;Empire Romain r\u00e9soudrait la question des droits et emporterait tous les suffrages. <\/p>\n<p>Mais ce serait compter sans Albert Jean-Jean&#8230;<\/p>\n<p>Texte laur\u00e9at du <a href=\"https:\/\/www.petit-theatre-de-vallieres.com\/page\/concours-palmares-des-annees-precedentes\" target=\"_blank\" rel=\"noopener\">concours d&rsquo;auteurs 2021 du Petit Th\u00e9\u00e2tre de Valli\u00e8res<\/a><\/p>\n<p>Publi\u00e9 aux <a href=\"https:\/\/www.petit-theatre-de-vallieres.com\/page\/presentation-des-editions\" target=\"_blank\" rel=\"noopener\">Editions du Th\u00e9\u00e2tre de Valli\u00e8res &#8211; Juin 2022<\/a><\/p>\n<\/div>\n\n\n\n<p>__________<\/p>\n\n\n\n<p><strong>Extraits :<\/strong><\/p>\n\n\n\n<p><a><\/a><strong>Aurore. \u2013 <\/strong>Quelle est la sc\u00e8ne la plus c\u00e9l\u00e8bre de la pi\u00e8ce&nbsp;?<\/p>\n\n\n\n<p><strong>Andr\u00e9. \u2013 <\/strong>Ecoute, Aurore, on va pas y passer la soir\u00e9e\u2026 Si tu nous expliquais ?<\/p>\n\n\n\n<p><strong>Aurore. \u2013 <\/strong>Ceci n\u2019est pas une baignoire, ceci est un balcon. (<em>D\u00e9tachant les syllabes, comme pour une dict\u00e9e<\/em>)Un balcon.<\/p>\n\n\n\n<p><strong>Blaise. \u2013 <\/strong>Il y a un jeu de mots&nbsp;?<\/p>\n\n\n\n<p><strong>Charlotte. \u2013 <\/strong>Tu veux me faire jouer la sc\u00e8ne du balcon l\u00e0-dedans&nbsp;?<\/p>\n\n\n\n<p><strong>Andr\u00e9. \u2013 <\/strong>Dis, Aurore, Juliette, elle sera nue&nbsp;?<\/p>\n\n\n\n<p><strong>Aurore. \u2013 <\/strong>Pourquoi veux-tu qu\u2019elle soit nue&nbsp;?<\/p>\n\n\n\n<p><strong>Andr\u00e9. \u2013 <\/strong>Dans son bain, c\u2019est plus cr\u00e9dible si elle est nue. C\u2019est vrai que Juliette, toute nue, dans la baignoire, \u00e7a aurait de la gueule\u2026<\/p>\n\n\n\n<p><strong>Charlotte. \u2013 <\/strong>Vous r\u00eavez&nbsp;! Je refuse de jouer \u00e0 poil dans la baignoire.<\/p>\n\n\n\n<p><strong>Aurore. \u2013 <\/strong>Juliette n\u2019est pas dans sa baignoire, elle est \u00e0 son balcon&nbsp;!<\/p>\n\n\n\n<p><strong>Blaise. \u2013 <\/strong>Qui sera dans la baignoire, alors&nbsp;?<\/p>\n\n\n\n<p><strong>Aurore. \u2013 <\/strong>Personne&nbsp;! Enfin, si, Juliette&nbsp;! Mais comme si elle \u00e9tait \u00e0 son balcon.<\/p>\n\n\n\n<p><strong>Andr\u00e9. \u2013 <\/strong>Puisque qu\u2019il para\u00eet que ceci n\u2019est pas une baignoire.<\/p>\n\n\n\n<p><strong>Blaise. \u2013 <\/strong>Ah bon\u2026 Du coup, elle sera habill\u00e9e comment, Juliette&nbsp;?<\/p>\n\n\n\n<p><strong>Aurore. \u2013 <\/strong>Normalement.<\/p>\n\n\n\n<p><strong>Charlotte. \u2013 <\/strong>Je serai pas en costume&nbsp;?<\/p>\n\n\n\n<p><strong>Aurore. \u2013 <\/strong>Bien s\u00fbr que si&nbsp;! Pourquoi ne voudrais-tu pas \u00eatre en costume&nbsp;?<\/p>\n\n\n\n<p><strong>Charlotte. \u2013 <\/strong>Tu dis habill\u00e9e normalement, alors\u2026<\/p>\n\n\n\n<p><strong>Aurore. \u2013 <\/strong>Normalement, au sens th\u00e9\u00e2tral&nbsp;!<\/p>\n\n\n\n<p><strong>Andr\u00e9. \u2013 <\/strong>Est-ce que ce serait pas plus simple de consid\u00e9rer que cette baignoire est une baignoire&nbsp;? C\u2019est vrai que si Rom\u00e9o aper\u00e7oit Juliette toute nue dans sa baignoire, on peut comprendre la sc\u00e8ne un peu\u2026 comment dire&#8230;<\/p>\n\n\n\n<p>########################################<\/p>\n\n\n\n<p><br><br><strong>Blaise. \u2013<\/strong> (<em>prenant le document<\/em>) Ecoutez le r\u00e9sultat, au lieu de pleurnicher.<br>(<em>lisant<\/em>) La sc\u00e8ne se d\u00e9roule dans les thermes du Palais. La princesse s\u2019adresse \u00e0 l\u2019esclave.<br>La princesse :<br>C\u2019est ainsi par ta voix, amen\u00e9e devant eux,<br>Que tu r\u00e9v\u00e9leras le message des Dieux<br>Ton entraille a enfoui le plus obscur secret<br>Que l\u2019arm\u00e9e ennemie contre nous pr\u00e9parait<br>Engin noir et br\u00fblant que l\u2019on craint de nommer<br>Mais l\u2019oracle saura comment l\u2019annihiler.<br>Entendez-vous d\u00e9j\u00e0 avancer l\u2019agresseur<br>L\u2019inf\u00e2me Vadorus, et sa vengeante ardeur ?<br>(<em>remarquant<\/em>) Inf\u00e2me Vadorus, c\u2019est g\u00e9nial !<br>(<em>lisant<\/em>) Par l\u2019Empire envoy\u00e9, il p\u00e9n\u00e8tre au palais<br>Notre fr\u00eale d\u00e9fense a \u00e9t\u00e9 sans effet.<br>Le voici, je le crains, \u00e0 l\u2019\u00e9cho de sa voix.<br>Fuis-donc, Erdum D\u00e9dum, avant qu\u2019il ne soit l\u00e0 !<br>(<em>remarquant<\/em>) Erdum D\u00e9dum, c\u2019est g\u00e9nial !<\/p>\n\n\n\n<p>(<em>continuant la lecture<\/em>)<br>Le g\u00e9n\u00e9ralissime Vadorus p\u00e9n\u00e8tre dans les thermes du palais, entour\u00e9 de ses gardes.<\/p>\n\n\n\n<p>Vadorus :<br>Ah ! Je te trouve enfin, toi coupable princesse,<br>Et me saisis de toi, \u00d4 perfide tra\u00eetresse.<br>Ainsi tu voulais fuir, tu n\u2019en as plus le temps,<br>Comme je m\u2019en r\u00e9jouis ! Quel d\u00e9lectable instant !<\/p>\n\n\n\n<p>La princesse :<br>Immonde, devant toi, je m\u2019avance sans peur,<br>Car m\u2019\u00e9chapper, je sais n\u2019en avoir point le coeur,<br>Mais l\u2019Empire o\u00f9 je vis jamais n\u2019appartiendra<br>A celui qui bafoue et les hommes et les lois.<\/p>\n\n\n\n<p class=\"has-text-align-right\">(<em>texte int\u00e9gral sur demande<\/em>)<\/p>\n\n\n\n<figure class=\"wp-block-image size-large\"><img loading=\"lazy\" decoding=\"async\" width=\"740\" height=\"1024\" src=\"https:\/\/acmstudio.net\/gmwp\/wp-content\/uploads\/2023\/03\/Couverture-recadr\u00e9e-740x1024.jpg\" alt=\"\" class=\"wp-image-593\" srcset=\"https:\/\/acmstudio.net\/gmwp\/wp-content\/uploads\/2023\/03\/Couverture-recadr\u00e9e-740x1024.jpg 740w, https:\/\/acmstudio.net\/gmwp\/wp-content\/uploads\/2023\/03\/Couverture-recadr\u00e9e-217x300.jpg 217w, https:\/\/acmstudio.net\/gmwp\/wp-content\/uploads\/2023\/03\/Couverture-recadr\u00e9e-768x1062.jpg 768w\" sizes=\"(max-width: 740px) 100vw, 740px\" \/><\/figure>\n","protected":false},"excerpt":{"rendered":"<p>Pitch :&nbsp;\u00ab Une troupe d\u2019amateurs d\u00e9cide d&rsquo;adapter Star Wars au th\u00e9\u00e2tre mais, se voyant refuser les droits, tentent de transposer l&rsquo;histoire sous l&rsquo;Empire romain, en alexandrins&#8230; \u00bb &nbsp; Synopsis d\u00e9taill\u00e9 : &nbsp; Une compagnie de com\u00e9diens amateurs a \u00e9t\u00e9 s\u00e9lectionn\u00e9e par un festival de premier plan, o\u00f9 ils vont avoir l&rsquo;honneur de pr\u00e9senter Rom\u00e9o et [&hellip;]<\/p>\n","protected":false},"author":1,"featured_media":0,"parent":0,"menu_order":0,"comment_status":"closed","ping_status":"closed","template":"","meta":{"footnotes":""},"_links":{"self":[{"href":"https:\/\/acmstudio.net\/gmwp\/index.php\/wp-json\/wp\/v2\/pages\/590"}],"collection":[{"href":"https:\/\/acmstudio.net\/gmwp\/index.php\/wp-json\/wp\/v2\/pages"}],"about":[{"href":"https:\/\/acmstudio.net\/gmwp\/index.php\/wp-json\/wp\/v2\/types\/page"}],"author":[{"embeddable":true,"href":"https:\/\/acmstudio.net\/gmwp\/index.php\/wp-json\/wp\/v2\/users\/1"}],"replies":[{"embeddable":true,"href":"https:\/\/acmstudio.net\/gmwp\/index.php\/wp-json\/wp\/v2\/comments?post=590"}],"version-history":[{"count":21,"href":"https:\/\/acmstudio.net\/gmwp\/index.php\/wp-json\/wp\/v2\/pages\/590\/revisions"}],"predecessor-version":[{"id":746,"href":"https:\/\/acmstudio.net\/gmwp\/index.php\/wp-json\/wp\/v2\/pages\/590\/revisions\/746"}],"wp:attachment":[{"href":"https:\/\/acmstudio.net\/gmwp\/index.php\/wp-json\/wp\/v2\/media?parent=590"}],"curies":[{"name":"wp","href":"https:\/\/api.w.org\/{rel}","templated":true}]}}