{"id":849,"date":"2024-11-11T12:09:13","date_gmt":"2024-11-11T11:09:13","guid":{"rendered":"https:\/\/acmstudio.net\/gmwp\/?page_id=849"},"modified":"2024-11-11T13:03:45","modified_gmt":"2024-11-11T12:03:45","slug":"scenes-one-man-show","status":"publish","type":"page","link":"https:\/\/acmstudio.net\/gmwp\/index.php\/scenes-one-man-show\/","title":{"rendered":"Sc\u00e8nes &#8211; One man show"},"content":{"rendered":"\n<div class=\"gm60\">\n<p>Comment une truite peut-elle vous convaincre de devenir vegan&nbsp;?<br>&nbsp;&nbsp;&nbsp;Voir -> &#8230;<a href=\"https:\/\/youtu.be\/VFscIbPHAbI?si=sZwcxTPlvYWmE4TZ\" data-type=\"link\" data-id=\"https:\/\/youtu.be\/VFscIbPHAbI?si=sZwcxTPlvYWmE4TZ\" target=\"_blank\" rel=\"noopener\"><strong>&nbsp;La truite<\/strong><\/a><\/p>\n<p>Comment d\u00e9velopper une carri\u00e8re d&rsquo;humoriste avec l&rsquo;aide du GIGN&nbsp;?<br>&nbsp;&nbsp;&nbsp;Voir -> &#8230;&nbsp;<a href=\"https:\/\/youtu.be\/JHiiKtLuBUI?si=5NFMjMkd1Wmqfk6A\" target=\"_blank\" rel=\"noreferrer noopener\"><strong>Le mari adult\u00e8re<\/strong><\/a><\/p>\n<p>Pourquoi Van Gogh s&rsquo;est-il coup\u00e9 l&rsquo;oreille ?<\/p>\n<p>etc.<\/p>\n<\/div>\n<div class=\"gm40\"><img decoding=\"async\" src=\"https:\/\/acmstudio.net\/gmwp\/wp-content\/uploads\/2024\/11\/2023-10-18-kandidator-Blanc-Mesnil-2-inversee.png\" alt=\"\" class=\"wp-image-842\"\/ width=\"150\" srcset=\"https:\/\/acmstudio.net\/gmwp\/wp-content\/uploads\/2024\/11\/2023-10-18-kandidator-Blanc-Mesnil-2-inversee.png 713w, https:\/\/acmstudio.net\/gmwp\/wp-content\/uploads\/2024\/11\/2023-10-18-kandidator-Blanc-Mesnil-2-inversee-238x300.png 238w\" sizes=\"(max-width: 713px) 100vw, 713px\" \/><figcaption class=\"wp-element-caption\">Photo (c) Marie Le Stanc<\/figcaption><\/div>\n\n\n\n<p><\/p>\n\n\n\n<p><\/p>\n","protected":false},"excerpt":{"rendered":"<p>Comment une truite peut-elle vous convaincre de devenir vegan&nbsp;?&nbsp;&nbsp;&nbsp;Voir -> &#8230;&nbsp;La truite Comment d\u00e9velopper une carri\u00e8re d&rsquo;humoriste avec l&rsquo;aide du GIGN&nbsp;?&nbsp;&nbsp;&nbsp;Voir -> &#8230;&nbsp;Le mari adult\u00e8re Pourquoi Van Gogh s&rsquo;est-il coup\u00e9 l&rsquo;oreille ? etc. Photo (c) Marie Le Stanc<\/p>\n","protected":false},"author":1,"featured_media":0,"parent":0,"menu_order":0,"comment_status":"closed","ping_status":"closed","template":"","meta":{"footnotes":""},"_links":{"self":[{"href":"https:\/\/acmstudio.net\/gmwp\/index.php\/wp-json\/wp\/v2\/pages\/849"}],"collection":[{"href":"https:\/\/acmstudio.net\/gmwp\/index.php\/wp-json\/wp\/v2\/pages"}],"about":[{"href":"https:\/\/acmstudio.net\/gmwp\/index.php\/wp-json\/wp\/v2\/types\/page"}],"author":[{"embeddable":true,"href":"https:\/\/acmstudio.net\/gmwp\/index.php\/wp-json\/wp\/v2\/users\/1"}],"replies":[{"embeddable":true,"href":"https:\/\/acmstudio.net\/gmwp\/index.php\/wp-json\/wp\/v2\/comments?post=849"}],"version-history":[{"count":7,"href":"https:\/\/acmstudio.net\/gmwp\/index.php\/wp-json\/wp\/v2\/pages\/849\/revisions"}],"predecessor-version":[{"id":870,"href":"https:\/\/acmstudio.net\/gmwp\/index.php\/wp-json\/wp\/v2\/pages\/849\/revisions\/870"}],"wp:attachment":[{"href":"https:\/\/acmstudio.net\/gmwp\/index.php\/wp-json\/wp\/v2\/media?parent=849"}],"curies":[{"name":"wp","href":"https:\/\/api.w.org\/{rel}","templated":true}]}}